ose 0 = -38*x + 199*x - 146*x - 2400. What is the greatest common divisor of x and t?
20
Let q = 9867 + -7953. What is the highest common factor of 377 and q?
29
Let q be (-24)/(-32)*(-32)/(-6). Let r(m) = m**2 + 0 + m**3 + 2 - q*m + 8 + m**2. Let x be r(-3). What is the greatest common divisor of 52 and x?
13
Suppose 4*a + 96 - 84 = 0. Let g be (0/(a + 7))/1. Let z be 3 - (-31 + g + 3). Calculate the greatest common divisor of 341 and z.
31
Let o be 1470 - 2 - 8/(-2). Let d = -58 + 28. Let x be o/15 + 4/d. Calculate the greatest common divisor of x and 14.
14
Let s be (-309375)/(-250)*(24/10 + 1 + -1). Calculate the greatest common factor of 1254 and s.
66
Suppose -3*m - 13678 = -2*r, -3*r - m + 23786 = 3302. What is the greatest common factor of r and 20?
10
Suppose -406*s + 409*s - 12 = -v, -3*s - 24 = -5*v. What is the highest common factor of s and 1234?
2
Suppose 5*f = 46*f - 114*f + 2993. Calculate the highest common divisor of f and 3649.
41
Let y = -52074 - -82252. Calculate the highest common divisor of 191 and y.
191
Suppose 2*u - 35 + 7 = 0. Let s be (-3 - 33/(-6))*u. Let j(z) = z**3 - 28*z**2 + 28*z - 20. Let p be j(27). Calculate the highest common factor of s and p.
7
Let c(w) = -w + 2. Let v be c(-4). Let t be -522*(-40)/(-80)*2/(-3). What is the greatest common factor of v and t?
6
Let o = 8049 + -8004. What is the highest common divisor of 865 and o?
5
Suppose 5*c = -2*c - c. Suppose 2*p - 3*y - 83 - 37 = c, -2*y - 311 = -5*p. Let t be ((-9)/6)/(9/(-42)). What is the greatest common factor of t and p?
7
Let v(k) = -10*k + 3239. Let q be v(-77). Calculate the greatest common factor of q and 57.
19
Let m be (2 + -3)/((-2)/20). Suppose -13*l + 83 = -47. Calculate the highest common divisor of l and m.
10
Let h(r) = 20*r + 160. Let o(j) = -3*j - 23. Let l(w) = 2*h(w) + 15*o(w). Let v be l(-14). What is the greatest common factor of 1035 and v?
45
Suppose 5*z - 23*k + 20*k - 252 = 0, -27 = 3*k. Calculate the highest common factor of z and 2880.
45
Let u be 3 + (4 - -2*(-3 + 4)). Calculate the greatest common factor of 1746 and u.
9
Suppose 4741 = h + 4705. Suppose 98 = 2*n - w, 0 = 3*w + 6 - 0. Calculate the greatest common divisor of h and n.
12
Let u(t) = 3*t**2 + 71*t - 167. Let g be u(-26). What is the greatest common factor of 1165 and g?
5
Suppose 6*i + o = 3*i - 19, -8 = 4*i - 3*o. Let u be (-6)/(-15) - 1423/i. Let c be 115/(-46)*5/((-55)/66). What is the greatest common factor of u and c?
15
Suppose -260 = -4*g + 80*v - 75*v, -4 = -v. What is the greatest common divisor of g and 130?
10
Suppose -k = 8*t - 3*t - 1781, t + 3551 = 2*k. Calculate the greatest common factor of k and 111.
111
Let t be (-4)/(-20) + (-6)/90*3 - -15. Let z be (-26)/(-6) - (-6)/9. Calculate the highest common factor of t and z.
5
Let j = -1411 + 4215. Let c be (j/20 - (-1)/(-5))/2. What is the greatest common divisor of c and 770?
70
Let k = -2699 + 2933. Calculate the highest common divisor of 130 and k.
26
Let d be (-113 + -2)*16/5. Let g = -165 - d. What is the highest common divisor of g and 29?
29
Suppose -3*z - 2*s + 734 = 0, -3*z + 13*s = 12*s - 722. Calculate the greatest common divisor of 44 and z.
22
Let k be (-10)/((-7)/(-147)*-15). Calculate the greatest common factor of 802 and k.
2
Let l(k) = -2*k**2 - 12*k - 9. Let b be l(-4). Let j = 8 - b. Calculate the greatest common factor of j and 13.
1
Let p(o) = -2*o**2 + 282*o - 5948. Let a be p(26). Let n = 119 + -71. What is the highest common divisor of n and a?
16
Let p = -4227 + 4502. Calculate the greatest common factor of p and 325.
25
Suppose -2911*b = -2918*b + 483. Calculate the highest common divisor of b and 32223.
69
Let o = 4339 - 3055. What is the highest common factor of 12 and o?
12
Let n = -1 - -12. Suppose 0 = -3*i - 5*p + 26, -i + p = -4*i + 10. Suppose -i*o + 5 = -n. Calculate the highest common factor of 64 and o.
8
Suppose -7*z + 42 = 0, 20*z - 12048 = -5*c + 22*z. Calculate the highest common factor of c and 72.
36
Suppose -p + 5*y - y + 1124 = 0, 3*y + 5535 = 5*p. Suppose -3*u + p = 3*l, l = 2*u - 6*u + 1460. Calculate the highest common factor of u and 104.
52
Suppose 51 = -11*m + 14*m. Suppose -15*b = -m*b - 54. Let y = -25 - b. Calculate the greatest common divisor of 2 and y.
2
Let y be 3/(-6)*2*2 - -4. Let j be (-3 + 5)/(y/7). Calculate the highest common divisor of 35 and j.
7
Suppose 5*a = 2*x - 1697, 483*a = -x + 480*a + 876. Calculate the greatest common factor of 2460 and x.
123
Let d be -12 - (612/(-15))/((-12)/(-280)). Calculate the highest common divisor of d and 1128.
188
Suppose -23*p + 987 = -2*p. Suppose 4*r + p = o, -3*o + 66 = 3*r - 0*r. Let w = -34 - -61. What is the greatest common factor of w and o?
27
Let q(t) = -6*t + 24. Let h be q(-7). Suppose -8*a + 687 = -11*a. Let u = a - -328. Calculate the highest common factor of u and h.
33
Suppose 210*w + 147160 = 646960. What is the greatest common divisor of w and 2142?
238
Let n(f) be the second derivative of -f**3 + 17*f**2 - 9*f. Let u be n(8). Let i = 22 - u. Calculate the greatest common divisor of 54 and i.
18
Let m(g) = -5*g + 60. Suppose 5*o + 18 - 8 = 0, -d - 4 = 4*o. Let k be m(d). Calculate the highest common factor of k and 32.
8
Let g(k) be the third derivative of k**5/15 - k**4/8 - k**3/6 + 31*k**2. Let a be g(-3). Let l = a - -4. What is the greatest common factor of 48 and l?
48
Let g(i) = -i**2 + 14*i - 25. Let a be g(9). Let z = a + -18. Suppose 0 = -o + 4*l + 11, -z*o + 3*l - 1 = -18. Calculate the greatest common factor of o and 63.
7
Suppose 2*h - 4*t - 129 = -51, 37 = h - 4*t. Calculate the highest common divisor of 12997 and h.
41
Let o = 17438 - 16583. Calculate the highest common divisor of 2655 and o.
45
Let d(j) = 18*j + 1596. Let i be d(-66). Calculate the greatest common factor of i and 391.
17
Let a be ((4/(-30))/((-36)/108))/(2/120). Calculate the greatest common factor of a and 648.
24
Let v = 4256 + -4026. Calculate the highest common divisor of 115 and v.
115
Let f(m) = m**2 + 3*m - 4. Let y be f(4). Let a be (y/(-42))/(2/(-217)). Calculate the highest common divisor of 31 and a.
31
Let n = -346 - -351. Suppose 5*h - 656 = 2*h - n*o, -h = -2*o - 226. What is the highest common factor of 12 and h?
6
Suppose 1 = 2*v - 3. Let w(u) = 5*u**3 - u**2 - 4*u + 487. Let q be w(0). Suppose -14*j = -45 - q. What is the highest common factor of v and j?
2
Suppose 241*y - 154*y - 487003 + 170323 = 0. What is the greatest common factor of 105 and y?
35
Suppose -34 - 89 - 1037 = -58*x. Suppose 3*z + 176 = 2*z. Let m = -116 - z. Calculate the greatest common divisor of x and m.
20
Let o be (0 + -7 - -1)/((-12)/1456). Suppose 12*x + o = -x. Let s = x + 59. What is the greatest common factor of s and 1?
1
Suppose 103*i - 6190 = 2455 - 611. What is the highest common factor of i and 390?
78
Suppose 31*d - 17638 = -5486. Suppose d = -205*p + 212*p. What is the greatest common divisor of p and 896?
56
Suppose 0 = -50*f + 79*f - 2871. What is the highest common divisor of f and 63?
9
Let w = -4707 - -5213. Calculate the highest common factor of w and 14.
2
Let a = -165 + 295. Suppose -48 - 6 = -3*w + 6*h, -3*h + 28 = 4*w. What is the greatest common factor of w and a?
10
Let d be 367304/2548 - (-4)/(-26). Calculate the highest common factor of 224 and d.
16
Suppose 736 = -l + 2*l - 2*z, -3*l - 2*z = -2184. Suppose 7*r + l - 877 = 0. Calculate the highest common factor of 567 and r.
21
Let o be (-1628)/407*(-62 + -2). Suppose 3 + 29 = 4*u. What is the highest common divisor of o and u?
8
Let g(z) = 62*z**2 - 23*z + 273. Let j be g(7). What is the greatest common factor of 35 and j?
35
Let y be (-507 + 45)/(-33)*(-20)/(-14). What is the greatest common divisor of 8410 and y?
10
Let m be (1412/(-8))/((-16)/(-384)*4/(-6)). Calculate the greatest common divisor of 18 and m.
18
Suppose 0 = -23*w + 5 + 271. Let y(h) = h - 3. Let b be y(12). Let d be (b/4)/(18/192). What is the greatest common divisor of d and w?
12
Let u(h) = 2*h - 4. Let y be u(4). Suppose -y*a + 6 = -0*v + 2*v, -3*v + 9 = 4*a. Suppose -21*d + 1053 = 18*d. Calculate the highest common divisor of d and v.
3
Suppose 43*w - 54*w = -495. Let r = 354 + -249. Calculate the highest common factor of r and w.
15
Let x = 24 - -23. S